the units digit of j(f)?
5
Let u(t) = 10*t - 4 - 24*t - 4 - 6. Let i = -176 + 165. What is the tens digit of u(i)?
4
Suppose 2*z - 16785 = 2*h + 9943, 0 = -2*z - 3*h + 26708. What is the ten thousands digit of z?
1
Let m(i) = -27*i + 3 + 10*i + 6*i**2 + 9*i + 9*i. What is the units digit of m(-4)?
5
Let w be (-6974)/(-14) - 6/420*10. Suppose -3*m = -159 - w. What is the hundreds digit of m?
2
Suppose 7*c = 3*h + 9*c + 423, -2*c = h + 137. Let p = h + 1540. What is the tens digit of p?
9
Let x(k) = -171*k**3 - 205*k**3 - 4 + 3 + 319*k**3. What is the tens digit of x(-1)?
5
Let w be 4/10 + (-335)/25. Let t(r) = -2*r**3 - 26*r**2 - 30*r - 41. What is the hundreds digit of t(w)?
3
Suppose -19880 = -5*y - 3*w, 4*y - 15381 = -4*w + 515. Suppose 0 = -31*f + 5910 + y. What is the tens digit of f?
1
Suppose 36735 = -16*y + 5*y + 383730. What is the hundreds digit of y?
5
Let n(g) = -77*g + 121. Let x(z) = -2. Let y(k) = n(k) + 3*x(k). What is the units digit of y(-13)?
6
Let k(f) = 1660*f**2 - 9*f - 17. What is the units digit of k(-2)?
1
Suppose -141*w = 4*t - 143*w - 140692, 2*t - 70354 = 5*w. What is the hundreds digit of t?
1
Suppose -5*m - 2*u + 436 = 0, 2*m - 12*u + 14*u = 184. What is the units digit of m?
4
Suppose 24538 = 2*h - a, 4*h - 8924 - 40164 = 5*a. What is the hundreds digit of h?
2
Suppose 2*r + 168 = r - 3*i, 0 = -r - 2*i - 163. Let f = 121 - -128. Let b = r + f. What is the units digit of b?
6
Let z(i) = 4*i**3 - 14*i**2 - 10*i + 11. Let c be z(4). Suppose w - 16 = -c*w, 3*w + 2156 = 2*r. What is the hundreds digit of r?
0
Suppose -38*v = -48*v + 56120. What is the thousands digit of v?
5
Let v = 94 - 84. Suppose 6*f - v*f + 188 = 0. Suppose f*p - 485 = 42*p. What is the units digit of p?
7
Let j(f) = -4*f + 111. Let b be j(-21). Let n = b + 188. What is the units digit of n?
3
Suppose -8 = z - 10. Suppose -2*c = r + 3*c + 1, c - 7 = -z*r. Suppose -r*t = -682 + 62. What is the units digit of t?
5
Let m(d) = d**3 - 8*d**2 + 13*d - 26. Let j be (2 + (-50)/14)/((-5)/35). What is the units digit of m(j)?
0
Suppose 23*k = 144493 + 5454 - 1160. What is the hundreds digit of k?
4
Let n(o) = -773*o + 37. What is the units digit of n(-4)?
9
Suppose 6*j - 4*j = 0. Suppose 0 = 11*l - j*l - 1419. What is the hundreds digit of l?
1
Let z = 27155 - -14602. What is the ten thousands digit of z?
4
Suppose -2*d + 27838 = 2*w - 38596, 2*d = -5*w + 166061. What is the ten thousands digit of w?
3
Let n(x) = -7*x**3 - 2*x**2 + 6*x + 15. Let q(h) = -13*h**3 - 5*h**2 + 13*h + 28. Let w(g) = -11*n(g) + 6*q(g). What is the hundreds digit of w(-12)?
4
Let f be ((6 - 0) + -1)/(-2 - -3). Suppose 0 = f*u - 24 + 14. Suppose 0 = -4*i - u*y + 20, -3*y + 2 + 0 = -i. What is the units digit of i?
4
Let d(b) = b**3 + 9*b**2 + 11*b + 21. Let c be d(-7). Suppose -37*s = -c*s + 1535. Let j = -96 + s. What is the tens digit of j?
1
Let r = 2 + 0. Let k(l) = l**3 + 24*l**2 + 97*l + 41. Let g be k(-19). Suppose -5*j - 193 = -g*i, r*i - 4*i + 4*j + 128 = 0. What is the tens digit of i?
6
Suppose 223*t - 105*t = 503 + 559. Let p(k) be the third derivative of k**5/60 - k**4/24 - 43*k**3/6 - 2*k**2. What is the tens digit of p(t)?
2
Suppose -5003424 = -269*i - 497674. What is the thousands digit of i?
6
What is the thousands digit of 59789/(-17)*-2 + 20?
7
Let f be 7*2 - 30/5. Let p(i) = 7*i + 58. What is the hundreds digit of p(f)?
1
Let r be 54/6 - (3 + 1) - 2. Suppose 1342 = r*v - 9*n + 4*n, 5*v + 2*n = 2247. What is the hundreds digit of v?
4
Let a = 3162 + -3073. What is the tens digit of a?
8
Let d be (-8)/(-5) - 47280/(-75). Suppose 0 = d*k - 638*k + 5730. What is the units digit of k?
5
Suppose -w - 80 = -520. What is the tens digit of w?
4
Let r be (6/(-18))/(3/(-27)). Suppose r*s = -4*k - s - 800, 5*s + 391 = -2*k. Let m = k - -464. What is the hundreds digit of m?
2
Let c be -2*15/12*-2. Suppose -14 = -2*i + c*o, 3*o - 8 = -i - 12. What is the tens digit of 3 - (-3 + i) - -27?
3
Suppose 3*x + 82676 = 2*t, 24*x - 23*x + 165372 = 4*t. What is the units digit of t?
4
Let f = -318 - -987. What is the units digit of f?
9
Let s(r) = r**2 + 2*r - 1. Let x be s(-3). Suppose -2*n - 260 = -5*u, 0*u - 98 = -x*u + 2*n. Suppose u = -2*d + 4*d. What is the units digit of d?
7
Suppose 11296 + 551 = 33*c. Suppose -5*f - c - 653 = -w, -f = -3*w + 3008. What is the tens digit of w?
0
Suppose -61 - 99 = -5*n. Suppose -1278 = n*p - 35*p. What is the hundreds digit of p?
4
Suppose -6944*k = -6990*k + 1422366. What is the thousands digit of k?
0
Suppose 39*q - 117*q - 102*q = -6629580. What is the thousands digit of q?
6
Let r(c) = -53*c - 324. Let i(f) = 57*f + 325. Let y(z) = -3*i(z) - 4*r(z). What is the hundreds digit of y(37)?
8
Let g = 49778 + -26928. What is the hundreds digit of g?
8
Let i(y) = -198*y - 32. Let m be i(-4). Let f = m - 479. What is the units digit of f?
1
Suppose 3*p + 151 - 364 = 0. Suppose 455 = 3*l + p. What is the tens digit of l?
2
Suppose -6*r - 78814 = -24346. What is the hundreds digit of r/(-38) + 20/190?
2
Let o be ((-1)/3)/(1/(-9)). Let q be (-39)/(-13)*8/12. Suppose o*h + 3*f + 66 = 333, -173 = -q*h + 3*f. What is the units digit of h?
8
Let j(p) = 67*p**2 - 109*p + 29. What is the tens digit of j(-16)?
2
Let i(w) = 959*w + 56. Let a be i(4). Suppose -10*u + 1228 = -a. What is the hundreds digit of u?
5
Let k = 37 + -37. Suppose t + 3*d - 2*d - 19 = k, 2*t - 4*d = 8. Suppose 2*n + t - 46 = -f, 0 = -2*f - n + 64. What is the units digit of f?
2
Suppose 4*q - 3*z = -3 + 23, -z = q - 12. Suppose -q*p = -305 - 3687. What is the units digit of p?
9
Suppose 30*d - 207402 = -28452. What is the thousands digit of d?
5
What is the tens digit of ((-297)/198)/(2 - 30302/15148)?
8
Let f = 264 + 26. Let i = f - 38. What is the units digit of i?
2
Let j(s) = -4*s**3 - 10*s**2 + 5*s - 37. Let y(l) = 3*l**3 + 9*l**2 - 5*l + 37. Let o(m) = -2*j(m) - 3*y(m). What is the hundreds digit of o(-11)?
3
Let i(b) be the first derivative of -7/2*b**2 - 7 + 8*b. What is the tens digit of i(-7)?
5
Suppose -5*r + 7*k - 2880 = 12*k, 0 = -5*r + 2*k - 2915. Let g = r + 825. What is the tens digit of g?
4
Let o = -92 + 95. Suppose o*p + 113 - 728 = 0. What is the hundreds digit of p?
2
Suppose -a = -363 + 359, 17430 = 2*d - 2*a. What is the tens digit of d?
1
What is the thousands digit of ((-145)/(-155) - 1) + (-355634)/(-31)?
1
Let d be (-1 + 0)*(-7)/((-35)/(-10)). What is the hundreds digit of 2 - -4 - d - -547?
5
Let f = -26971 + 45138. What is the hundreds digit of f?
1
Suppose -44*j + 144242 = -140297 - 568225. What is the tens digit of j?
8
Let s(v) = -v**3 - 10*v**2 + 10*v - 15. Let r be s(-11). What is the hundreds digit of -124*((-2 - (-6)/r) + 1)?
3
Let t(r) = -2*r**3 + 5*r**2 + 6*r - 2. Let v be t(3). Let y be (-2412)/(-7) + 3/v. Let x = y + -202. What is the units digit of x?
3
Suppose 0 = 13*a - 8*a - 5*k - 7595, k = -3*a + 4577. Suppose -a = -8*f + 7620. What is the thousands digit of f?
1
Let o be (-9)/(-27) + (-561)/9. Let f = -134 + 279. Let u = f + o. What is the tens digit of u?
8
Suppose -217 = -5*w - 97. Suppose 0 = 17*t + w*t - 62976. What is the units digit of t?
6
Suppose -23 = -3*z - 11. Let v = -276 + z. Let y = -91 - v. What is the hundreds digit of y?
1
Let x(m) be the first derivative of m**4/4 + 11*m**3/3 + 15*m**2/2 + 9*m - 1. Let s = 3301 - 3308. What is the units digit of x(s)?
0
Suppose 5*l - 4*x - 317861 = 0, -5*l + 3*x + 162952 = -154910. What is the hundreds digit of l?
5
Let s(x) = -2*x**3 + 7*x**2 - x - 3. Let v(l) = l**2 - 13. Let n be v(4). Let t be s(n). Suppose -4*g = -t*g - 83. What is the units digit of g?
3
Suppose 0 = -5*w - p + 45, 2*w = -0*p + 2*p + 6. Suppose -w*b + 9 = -5*b. Suppose -5*x + 71 = b*t, 3 = x + t - 12. What is the units digit of x?
3
Suppose 26*o + 80859 = -16*o + 229161. What is the tens digit of o?
3
Suppose -1396 = 4*l + 4*w, -w = -2*l + w - 702. Let s be -60*(28/l)/(1/10). What is the units digit of s/(-80) + 1008/5?
1
Let y = -232 - -106. Let b = 313 + y. What is the units digit of b?
7
Suppose -169776 = 5*z + 23*z - 76*z. What is the tens digit of z?
3
Let b(h) = -h**3 + 3 + 6 + 2*h**2 + h - 1 - 3. Let i be b(-2). Suppose 0 = -i*d + 12*d + 595. What is the units digit of d?
5
Let j = 12 - -51. Let b be j/(-105